
{"id":21,"date":"2019-11-05T13:20:07","date_gmt":"2019-11-05T12:20:07","guid":{"rendered":"http:\/\/przedszkole26.edu.wroclaw.pl\/?page_id=21"},"modified":"2025-02-24T19:45:11","modified_gmt":"2025-02-24T18:45:11","slug":"kontakt","status":"publish","type":"page","link":"https:\/\/przedszkole26.edu.wroclaw.pl\/index.php\/kontakt\/","title":{"rendered":"Kontakt"},"content":{"rendered":"<div class=\"wpb-content-wrapper\"><p>[vc_row full_width=&#8221;1&#8243;][vc_column][vc_raw_html]JTNDaWZyYW1lJTIwd2lkdGglM0QlMjIxMDAlMjUlMjIlMjBoZWlnaHQlM0QlMjI1MDAlMjIlMjBzcmMlM0QlMjJodHRwcyUzQSUyRiUyRm1hcHMuZ29vZ2xlLmNvbSUyRm1hcHMlM0Z3aWR0aCUzRDEwMCUyNSUyNmFtcCUzQmhlaWdodCUzRDUwMCUyNmFtcCUzQmhsJTNEZW4lMjZhbXAlM0JxJTNEYWwuJTI1MjAlMjVDNSUyNTlCbCUyNUM0JTI1ODVza2ElMjUyMDElMjUyQyUyNTIwV3JvYyUyNUM1JTI1ODJhdyUyQiUyOFByemVkc3prb2xlJTI1MjBuciUyNTIwMjYlMjklMjZhbXAlM0JpZSUzRFVURjglMjZhbXAlM0J0JTNEJTI2YW1wJTNCeiUzRDE1JTI2YW1wJTNCaXdsb2MlM0RCJTI2YW1wJTNCb3V0cHV0JTNEZW1iZWQlMjIlMjBmcmFtZWJvcmRlciUzRCUyMjAlMjIlMjBzY3JvbGxpbmclM0QlMjJubyUyMiUyMG1hcmdpbmhlaWdodCUzRCUyMjAlMjIlMjBtYXJnaW53aWR0aCUzRCUyMjAlMjIlM0UlM0MlMkZpZnJhbWUlM0U=[\/vc_raw_html][\/vc_column][\/vc_row][vc_row][vc_column width=&#8221;1\/12&#8243;][\/vc_column][vc_column width=&#8221;1\/3&#8243;][vc_empty_space height=&#8221;180px&#8221;][vc_single_image image=&#8221;62&#8243; img_size=&#8221;medium&#8221; alignment=&#8221;center&#8221;][vc_empty_space height=&#8221;50px&#8221;][\/vc_column][vc_column width=&#8221;1\/2&#8243;][vc_column_text]<\/p>\n<h1 style=\"text-align: center\"><span style=\"font-size: 60px\">Przedszkole nr 26<\/span><\/h1>\n<p>[\/vc_column_text][vc_separator color=&#8221;custom&#8221; border_width=&#8221;4&#8243; el_width=&#8221;70&#8243; css=&#8221;.vc_custom_1647435327130{margin-top: -30px !important;}&#8221; accent_color=&#8221;#237e15&#8243;][vc_column_text css=&#8221;&#8221;]<\/p>\n<p style=\"padding-left: 15px\">Aleja \u015al\u0105ska 1<br \/>\n54-118 Wroc\u0142aw<\/p>\n<h3>Sekretariat<\/h3>\n<p style=\"padding-left: 15px\">tel.: 71 798 67 09 wew. 100<br \/>\ne-mail:\u00a0sekretariat.p026@wroclawskaedukacja.pl<br \/>\nczynny od 7.30 &#8211; 15.30<\/p>\n<h3><strong>Intendent<\/strong><\/h3>\n<p style=\"padding-left: 15px\">tel.:\u00a0 71 798 67 09 wew. 110<br \/>\ne-mail: beata.gawlowicz@wroclawskaedukacja.pl<\/p>\n<p>[\/vc_column_text][vc_empty_space height=&#8221;62px&#8221;][\/vc_column][\/vc_row][vc_row][vc_column][vc_single_image image=&#8221;455&#8243; img_size=&#8221;full&#8221; alignment=&#8221;center&#8221; title=&#8221;Mapka dojazdu&#8221;][\/vc_column][\/vc_row]<\/p>\n<\/div>","protected":false},"excerpt":{"rendered":"<p>[vc_row full_width=&#8221;1&#8243;][vc_column][vc_raw_html]JTNDaWZyYW1lJTIwd2lkdGglM0QlMjIxMDAlMjUlMjIlMjBoZWlnaHQlM0QlMjI1MDAlMjIlMjBzcmMlM0QlMjJodHRwcyUzQSUyRiUyRm1hcHMuZ29vZ2xlLmNvbSUyRm1hcHMlM0Z3aWR0aCUzRDEwMCUyNSUyNmFtcCUzQmhlaWdodCUzRDUwMCUyNmFtcCUzQmhsJTNEZW4lMjZhbXAlM0JxJTNEYWwuJTI1MjAlMjVDNSUyNTlCbCUyNUM0JTI1ODVza2ElMjUyMDElMjUyQyUyNTIwV3JvYyUyNUM1JTI1ODJhdyUyQiUyOFByemVkc3prb2xlJTI1MjBuciUyNTIwMjYlMjklMjZhbXAlM0JpZSUzRFVURjglMjZhbXAlM0J0JTNEJTI2YW1wJTNCeiUzRDE1JTI2YW1wJTNCaXdsb2MlM0RCJTI2YW1wJTNCb3V0cHV0JTNEZW1iZWQlMjIlMjBmcmFtZWJvcmRlciUzRCUyMjAlMjIlMjBzY3JvbGxpbmclM0QlMjJubyUyMiUyMG1hcmdpbmhlaWdodCUzRCUyMjAlMjIlMjBtYXJnaW53aWR0aCUzRCUyMjAlMjIlM0UlM0MlMkZpZnJhbWUlM0U=[\/vc_raw_html][\/vc_column][\/vc_row][vc_row][vc_column width=&#8221;1\/12&#8243;][\/vc_column][vc_column width=&#8221;1\/3&#8243;][vc_empty_space height=&#8221;180px&#8221;][vc_single_image image=&#8221;62&#8243; img_size=&#8221;medium&#8221; alignment=&#8221;center&#8221;][vc_empty_space height=&#8221;50px&#8221;][\/vc_column][vc_column width=&#8221;1\/2&#8243;][vc_column_text] Przedszkole nr 26 [\/vc_column_text][vc_separator color=&#8221;custom&#8221; border_width=&#8221;4&#8243; el_width=&#8221;70&#8243; css=&#8221;.vc_custom_1647435327130{margin-top: -30px !important;}&#8221; accent_color=&#8221;#237e15&#8243;][vc_column_text css=&#8221;&#8221;] Aleja \u015al\u0105ska 1 54-118 Wroc\u0142aw Sekretariat tel.: 71 [&hellip;]<\/p>\n","protected":false},"author":7,"featured_media":0,"parent":0,"menu_order":0,"comment_status":"closed","ping_status":"closed","template":"","meta":{"footnotes":""},"class_list":["post-21","page","type-page","status-publish","hentry","clearfix"],"_links":{"self":[{"href":"https:\/\/przedszkole26.edu.wroclaw.pl\/index.php\/wp-json\/wp\/v2\/pages\/21","targetHints":{"allow":["GET"]}}],"collection":[{"href":"https:\/\/przedszkole26.edu.wroclaw.pl\/index.php\/wp-json\/wp\/v2\/pages"}],"about":[{"href":"https:\/\/przedszkole26.edu.wroclaw.pl\/index.php\/wp-json\/wp\/v2\/types\/page"}],"author":[{"embeddable":true,"href":"https:\/\/przedszkole26.edu.wroclaw.pl\/index.php\/wp-json\/wp\/v2\/users\/7"}],"replies":[{"embeddable":true,"href":"https:\/\/przedszkole26.edu.wroclaw.pl\/index.php\/wp-json\/wp\/v2\/comments?post=21"}],"version-history":[{"count":31,"href":"https:\/\/przedszkole26.edu.wroclaw.pl\/index.php\/wp-json\/wp\/v2\/pages\/21\/revisions"}],"predecessor-version":[{"id":1770,"href":"https:\/\/przedszkole26.edu.wroclaw.pl\/index.php\/wp-json\/wp\/v2\/pages\/21\/revisions\/1770"}],"wp:attachment":[{"href":"https:\/\/przedszkole26.edu.wroclaw.pl\/index.php\/wp-json\/wp\/v2\/media?parent=21"}],"curies":[{"name":"wp","href":"https:\/\/api.w.org\/{rel}","templated":true}]}}