
{"id":414,"date":"2023-12-14T11:21:24","date_gmt":"2023-12-14T10:21:24","guid":{"rendered":"https:\/\/przedszkole26.edu.wroclaw.pl\/?page_id=414"},"modified":"2026-03-02T20:10:46","modified_gmt":"2026-03-02T19:10:46","slug":"o-nas","status":"publish","type":"page","link":"https:\/\/przedszkole26.edu.wroclaw.pl\/index.php\/o-nas\/","title":{"rendered":"O nas"},"content":{"rendered":"<div class=\"wpb-content-wrapper\"><p>[vc_row][vc_column width=&#8221;1\/12&#8243;][\/vc_column][vc_column width=&#8221;1\/2&#8243;][vc_column_text]Kszta\u0142tujemy w\u015br\u00f3d dzieci zasady fair-play zar\u00f3wno w \u017cyciu sportowym, jak i codziennym. G\u0142\u00f3wnym pomys\u0142em na funkcjonowanie przedszkola jest efektywne wykorzystywanie\u00a0 pobliskich teren\u00f3w zielonych na kt\u00f3rych ulokowany jest plac zabaw dla maluch\u00f3w oraz samego stadionu wraz z jego przestronnymi salami, w kt\u00f3rych naucza\u0107 b\u0119dzie do\u015bwiadczona kadra dydaktyczna.[\/vc_column_text][\/vc_column][vc_column width=&#8221;1\/3&#8243;][vc_single_image image=&#8221;756&#8243; img_size=&#8221;full&#8221; alignment=&#8221;center&#8221;][vc_btn title=&#8221;Wirtualny spacer po Przedszkolu&#8221; style=&#8221;3d&#8221; color=&#8221;blue&#8221; align=&#8221;center&#8221; i_icon_fontawesome=&#8221;fas fa-chalkboard-teacher&#8221; css_animation=&#8221;zoomIn&#8221; button_block=&#8221;true&#8221; add_icon=&#8221;true&#8221; link=&#8221;url:%2Fwp-content%2Fuploads%2Fsites%2F43%2F2023%2F12%2FWirtualny_spacer.mp4|title:Wirtualny%20spacer%20po%20przedszkolu|target:_blank&#8221;][\/vc_column][\/vc_row][vc_row][vc_column css=&#8221;.vc_custom_1702553619902{background: #327b79 url(https:\/\/przedszkola.edu.wroclaw.pl\/wp-content\/uploads\/sites\/30\/2021\/06\/tlo.png?id=) !important;}&#8221;][vc_tta_tabs color=&#8221;white&#8221; active_section=&#8221;1&#8243;][vc_tta_section title=&#8221;Ramowy rozk\u0142ad dnia&#8221; tab_id=&#8221;1646742116564-c0875922-38d1&#8243;][vc_column_text]<\/p>\n<h2 style=\"text-align: center\">Ramowy rozk\u0142ad dnia w przedszkolu 26<\/h2>\n<div><strong><strong>6.30 \u2013 8.10 \u2013 <\/strong><\/strong>Schodzenie si\u0119 dzieci, zabawy dowolne wg pomys\u0142\u00f3w i zainteresowa\u0144: zabawy konstrukcyjne, tematyczne, manipulacyjne<\/div>\n<div>\n<p><strong>8.10 \u2013 8.30 \u2013 <\/strong>Przygotowanie do \u015bniadania \u2013 wykonanie czynno\u015bci higienicznych<strong><br \/>\n<\/strong><\/p>\n<\/div>\n<div><strong>8.30 \u2013 9.00\u2013 <\/strong>\u015aniadanie &#8211; wyrabianie nawyk\u00f3w kulturalnego spo\u017cywania posi\u0142k\u00f3w<\/div>\n<div><\/div>\n<div><strong><strong>9.00 \u2013 11.20 \u2013 <\/strong><\/strong>Zaj\u0119cia dydaktyczne realizowane wed\u0142ug wybranego programu wychowania przedszkolnego, zaj\u0119cia dodatkowe, zabawy edukacyjne, spacery, wycieczki, zabawy na przedszkolnym placu zabaw.<\/div>\n<div>\n<p><strong>11.20 \u2013 11.30 <\/strong>&#8211; Przygotowanie do posi\u0142ku (zupa + deser) \u2013 wykonanie czynno\u015bci Samoobs\u0142ugowych<\/p>\n<p><strong>11.30 -12.00\u00a0 \u2013 <\/strong>Obiad (zupa + deser)<\/p>\n<\/div>\n<div><strong><strong>12.00\u00a0 \u2013 13.50 \u2013 <\/strong><\/strong><\/div>\n<ul>\n<li>U dzieci m\u0142odszych \u2013 poobiedni relaks na le\u017cakach, s\u0142uchanie literatury dzieci\u0119cej z inicjatywy dzieci, wyj\u015bcie na przedszkolny plac zabaw.<\/li>\n<li>U dzieci starszych gry i zabawy edukacyjne, zabawy podejmowane<\/li>\n<\/ul>\n<div>\n<p><strong>13.50 \u2013 14.00<\/strong><strong>\u00a0 \u2013\u00a0<\/strong>Przygotowanie do drugiego dania \u2013 kszta\u0142towanie nawyk\u00f3w\u00a0higienicznych<\/p>\n<\/div>\n<p><strong>14.00 \u2013 14.30 \u2013 <\/strong>Drugie danie \u2013 kszta\u0142towanie nawyk\u00f3w zdrowotnych oraz odpowiedniego pos\u0142ugiwania si\u0119 sztu\u0107cami<\/p>\n<p><strong>14.30 \u2013 16.30 \u2013\u00a0<\/strong>Praca w ma\u0142ych zespo\u0142ach lub indywidualna, zabawy w grupach, zabawy stolikowe, zabawy dowolne wg zainteresowa\u0144 dzieci, gry dydaktyczne<\/p>\n<p><strong>16.30 \u2013 17.00 \u2013 <\/strong>Rozchodzenie si\u0119 dzieci[\/vc_column_text][\/vc_tta_section][vc_tta_section title=&#8221;Zaj\u0119cia edukacyjne&#8221; tab_id=&#8221;1646740200586-5943685a-7b4b&#8221;][vc_column_text css=&#8221;&#8221;]<\/p>\n<h2 style=\"text-align: center\">Zaj\u0119cia edukacyjne<\/h2>\n<h3>Gimnastyka Og\u00f3lnorozwojowa Pan Kamil<\/h3>\n<p style=\"padding-left: 40px\">zaj\u0119cia odbywaj\u0105 si\u0119 we wtorki, \u015brody i pi\u0105tki w godz. 9.00 &#8211; 14.00<\/p>\n<h3>Mali wspaniali Pani Agata<\/h3>\n<p style=\"padding-left: 40px\">zaj\u0119cia odbywaj\u0105 si\u0119 w poniedzia\u0142ki w godz. 8.15 &#8211; 14.30<\/p>\n<h3>J\u0119zyk angielski Pan Adam<\/h3>\n<p style=\"padding-left: 40px\">zaj\u0119cia odbywaj\u0105 si\u0119 w poniedzia\u0142ki, wtorki i czwartki w godz. 9.00 &#8211; 14.00<\/p>\n<h3>Rytmika Pani Emilia<\/h3>\n<p style=\"padding-left: 40px\">zaj\u0119cia odbywaj\u0105 si\u0119 w czwartki w godz. 8.30 &#8211; 12.00<\/p>\n<h3>Rytmika Pani Marcelina<\/h3>\n<p style=\"padding-left: 40px\">zaj\u0119cia odbywaj\u0105 si\u0119 w \u015brody i czwartki w godz. 12.00 &#8211; 14.00<\/p>\n<h3>Religia Ksi\u0105dz Micha\u0142<\/h3>\n<p style=\"padding-left: 40px\">zaj\u0119cia odbywaj\u0105 si\u0119 w czwartki w godz. 9.00 &#8211; 13.00<\/p>\n<p>[\/vc_column_text][\/vc_tta_section][vc_tta_section title=&#8221;Zaj\u0119cia komercyjne&#8221; tab_id=&#8221;1702991087321-ee22e424-c871&#8243;][vc_column_text css=&#8221;&#8221;]<\/p>\n<h2 style=\"text-align: center\">Zaj\u0119cia komenrcyjne<\/h2>\n<p>Zaj\u0119cia komercyjne w godzinach od 15.00 &#8211; 17.00<\/p>\n<ul>\n<li>Tenis<\/li>\n<li>J\u0119zyk angielski<\/li>\n<li>Szachy<\/li>\n<li>Ta\u0144ce<\/li>\n<li>Zaj\u0119cia muzyczno &#8211; teatralne<\/li>\n<li>Pi\u0142ka no\u017cna Duda<\/li>\n<li>Gimnastyka korekcyjna &#8211; SpaceKids<\/li>\n<li>Zaj\u0119cia z pi\u0142ki no\u017cnej &#8211; SpaceKids<\/li>\n<li>Lego<\/li>\n<\/ul>\n<p>[\/vc_column_text][\/vc_tta_section][vc_tta_section title=&#8221;Projekty&#8221; tab_id=&#8221;1639049053938-2158331f-e811&#8243;][vc_column_text]<\/p>\n<h2 style=\"text-align: center\">Projekty<\/h2>\n<p>[\/vc_column_text][vc_toggle title=&#8221;Ca\u0142a Polska Czyta Dzieciom&#8221;]Nasze\u00a0 przedszkole bierze udzia\u0142 w akcji \u201eCa\u0142a Polska Czyta Dzieciom\u201d. Do udzia\u0142u zapraszamy rodzic\u00f3w dzieci, kt\u00f3rzy wybieraj\u0105c ulubion\u0105 ksi\u0105\u017ck\u0119 z biblioteczki dziecka,\u00a0 czytaj\u0105 bajk\u0119 ma\u0142ym s\u0142uchaczom (w dobie pandemi \u0142aczymy sie poprzez platform\u0119 Teams). Do bajania zapraszamy r\u00f3wnie\u017c babcie i dziadk\u00f3w, kt\u00f3rzy wraz z wnukami oraz ich kole\u017cankami i kolegami z grupy pragn\u0105 przenie\u015b\u0107 si\u0119 cho\u0107 przez chwil\u0119 w\u00a0\u015bwiat fantazji.<\/p>\n<p>Dzieci od najm\u0142odszych lat przejawiaj\u0105 zaciekawienie ksi\u0105\u017ck\u0105. Kontakt z ksi\u0105\u017ck\u0105 od najm\u0142odszych lat daje motywacj\u0119 do samodzielnego obcowania z ni\u0105 w p\u00f3\u017aniejszym wieku.<\/p>\n<p>Czytanie ma nast\u0119puj\u0105ce zalety:<\/p>\n<ul>\n<li>Gwarantuje dziecku zdrowie emocjonalne, daje poczucie bezpiecze\u0144stwa oraz zapewnia poczucie w\u0142asnej warto\u015bci<\/li>\n<li>Buduje wi\u0119\u017a mi\u0119dzy dzieckiem a Rodzicem<\/li>\n<li>Poszerza zas\u00f3b wiedzy i przynosi korzy\u015bci j\u0119zykowe<\/li>\n<li>Wzbogaca j\u0119zyk i s\u0142ownictwo<\/li>\n<li>Pobudza wyobra\u017ani\u0119 i fantazj\u0119<\/li>\n<li>Pomaga zrozumie\u0107 siebie i innych<\/li>\n<li>Stymuluje rozumienie otaczaj\u0105cej nas rzeczywisto\u015bci<\/li>\n<li>Jest \u015bwietn\u0105 i niedrog\u0105 rozrywk\u0105 dla ca\u0142ej rodziny.<\/li>\n<\/ul>\n<p>Jego zadaniem jest\u00a0<em>podnoszenie \u201epodnoszenie kompetencji czytelniczych i komunikacyjnych dzieci i m\u0142odzie\u017cy oraz kszta\u0142towanie postaw zwi\u0105zanych z edukacj\u0105 alternatywn\u0105: kreatywno\u015b\u0107, oryginalno\u015b\u0107 i nietuzinkowo\u015b\u0107 w postrzeganiu szko\u0142y XXI wieku.\u201d<\/em>[\/vc_toggle][vc_toggle title=&#8221;Og\u00f3lnopolski Projekt Edukacyjny &#8222;Z kultur\u0105 mi do twarzy&#8222;&#8221;]Nasze przedszkole w roku szkolnym 2021\/2022 bierze udzia\u0142 w Og\u00f3lnopolskim Projekcie Edukacyjnym &#8222;Z kultur\u0105 mi do twarzy&#8221;.\u00a0 G\u0142\u00f3wnym celem projektu jest wprowadzenie dzieci w \u015bwiat warto\u015bci oraz promowanie kultury.\u00a0Tworzenie sytuacji edukacyjnych buduj\u0105cych wra\u017cliwo\u015b\u0107 dziecka, w tym wra\u017cliwo\u015b\u0107 estetyczn\u0105, w odniesieniu do wielu sfer aktywno\u015bci cz\u0142owieka: mowy, zachowania, ruchu, \u015brodowiska, ubioru, muzyki, ta\u0144ca, \u015bpiewu, teatru, plastyki. Wsp\u00f3\u0142dzia\u0142anie z rodzicami, r\u00f3\u017cnymi \u015brodowiskami, organizacjami i instytucjami, uznanymi przez rodzic\u00f3w za \u017ar\u00f3d\u0142o istotnych warto\u015bci, na rzecz tworzenia warunk\u00f3w umo\u017cliwiaj\u0105cych rozw\u00f3j to\u017csamo\u015bci dziecka. Kreowanie, wsp\u00f3lne z wymienionymi podmiotami, sytuacji prowadz\u0105cych do poznania przez dziecko warto\u015bci i norm spo\u0142ecznych, kt\u00f3rych \u017ar\u00f3d\u0142em jest rodzina, grupa w przedszkolu, inne doros\u0142e osoby, w tym osoby starsze, oraz rozwijania zachowa\u0144 wynikaj\u0105cych z warto\u015bci mo\u017cliwych do zrozumienia na tym etapie rozwoju.<\/p>\n<p><img loading=\"lazy\" decoding=\"async\" class=\"aligncenter wp-image-709 size-large\" src=\"https:\/\/przedszkole26.edu.wroclaw.pl\/wp-content\/uploads\/sites\/43\/2023\/12\/244413819-4358842264192739-700377776499517319-n-730x1024.jpg\" alt=\"\" width=\"730\" height=\"1024\" srcset=\"https:\/\/przedszkole26.edu.wroclaw.pl\/wp-content\/uploads\/sites\/43\/2023\/12\/244413819-4358842264192739-700377776499517319-n-730x1024.jpg 730w, https:\/\/przedszkole26.edu.wroclaw.pl\/wp-content\/uploads\/sites\/43\/2023\/12\/244413819-4358842264192739-700377776499517319-n-214x300.jpg 214w, https:\/\/przedszkole26.edu.wroclaw.pl\/wp-content\/uploads\/sites\/43\/2023\/12\/244413819-4358842264192739-700377776499517319-n-768x1078.jpg 768w, https:\/\/przedszkole26.edu.wroclaw.pl\/wp-content\/uploads\/sites\/43\/2023\/12\/244413819-4358842264192739-700377776499517319-n.jpg 843w\" sizes=\"auto, (max-width: 730px) 100vw, 730px\" \/>[\/vc_toggle][vc_toggle title=&#8221;Ku\u017ania zdrowych nawyk\u00f3w&#8221;]W budowie[\/vc_toggle][vc_toggle title=&#8221;Mali Kucharze&#8221;]W budowie[\/vc_toggle][vc_toggle title=&#8221;Akcja Zdrowo i Sportowo&#8221;]Zdrowo i Sportowo to akcja skierowana do przedszkoli oraz szk\u00f3\u0142 podstawowych. Jej g\u0142\u00f3wnym celem jest aktywizacja ruchowa dzieci do 10 roku \u017cycia. Chcemy pokaza\u0107 dzieciom jak fajne jest uprawianie sportu, czy te\u017c og\u00f3lnie aktywno\u015b\u0107 ruchow\u0105. Ile przynosi to rado\u015bci, jak wp\u0142ywa na sprawno\u015b\u0107, samopoczucie, buduje relacje z innymi cz\u0142onkami grupy. S\u0142u\u017c\u0105 temu zaj\u0119cia sportowe, kt\u00f3re przeprowadzane s\u0105 w zg\u0142oszonych do projektu plac\u00f3wkach, na podstawie przygotowanych przez nas materia\u0142\u00f3w.[\/vc_toggle][vc_toggle title=&#8221;Kampania Rowerowy Maj&#8221;]Rowerowy Maj to najwi\u0119ksza kampania w Polsce promuj\u0105ca zdrowy tryb \u017cycia i zr\u00f3wnowa\u017con\u0105 mobilno\u015b\u0107 w\u015br\u00f3d dzieci przedszkolnych, uczni\u00f3w szk\u00f3\u0142 podstawowych oraz grona nauczycielskiego.<\/p>\n<p>Rowerowy Maj, poprzez zabaw\u0119 po\u0142\u0105czon\u0105 z elementami rywalizacji, popularyzuje rower jako \u015brodek transportu do szko\u0142y, uczy dobrych i zdrowych nawyk\u00f3w, kt\u00f3re utrzymuj\u0105 si\u0119 r\u00f3wnie\u017c po zako\u0144czeniu kampanii.<\/p>\n<p>Rowerowy Maj skutecznie zmienia okolice szk\u00f3\u0142 i przedszkoli na bardziej bezpieczne i przyjazne rowerzystom zmniejszaj\u0105c liczb\u0119 samochod\u00f3w dowo\u017c\u0105cych dzieci i motywuj\u0105c samorz\u0105dy do inwestycji prorowerowych.<br \/>\nZasady kampanii s\u0105 bardzo proste: ka\u017cdy przedszkolak, ucze\u0144 i nauczyciel, kt\u00f3ry w maju dotrze na lekcje w spos\u00f3b aktywny: na rowerze, hulajnodze, rolkach czy deskorolce, otrzymuje naklejki do rowerowego dzienniczka i na wsp\u00f3lny plakat klasowy. Dla najaktywniejszych uczestnik\u00f3w, klas i plac\u00f3wek przewidziane s\u0105 atrakcyjne nagrody.<\/p>\n<p><img loading=\"lazy\" decoding=\"async\" class=\"aligncenter wp-image-711 size-full\" src=\"https:\/\/przedszkole26.edu.wroclaw.pl\/wp-content\/uploads\/sites\/43\/2023\/12\/row-e1520932920598.gif\" alt=\"\" width=\"671\" height=\"444\" \/>[\/vc_toggle][\/vc_tta_section][vc_tta_section title=&#8221;Zam\u00f3wienia publiczne&#8221; tab_id=&#8221;1702728320971-b5abe039-b2ed&#8221;][vc_column_text]<\/p>\n<h2 style=\"text-align: center\">Zam\u00f3wienia publiczne<\/h2>\n<ul>\n<li><a href=\"https:\/\/przedszkole26.edu.wroclaw.pl\/wp-content\/uploads\/sites\/43\/2023\/12\/2022-BZP-00051559-01-P.pdf\" target=\"_blank\" rel=\"noopener\">2022-BZP.pdf (36KB)<\/a><\/li>\n<li><a href=\"https:\/\/przedszkole26.edu.wroclaw.pl\/wp-content\/uploads\/sites\/43\/2023\/12\/2023-BZP.pdf\" target=\"_blank\" rel=\"noopener\">2023-BZP.pdf (36KB)<\/a><\/li>\n<li><a href=\"https:\/\/przedszkole26.edu.wroclaw.pl\/wp-content\/uploads\/sites\/43\/2024\/01\/Plan-zamowien-publicznych-na-2024-r.pdf\">Plan zam\u00f3wie\u0144 publicznych na 2024 r.<\/a><\/li>\n<li><a href=\"https:\/\/przedszkole26.edu.wroclaw.pl\/wp-content\/uploads\/sites\/43\/2024\/05\/CUI-cz.-I.pdf\">CUI cz. I<\/a><\/li>\n<li><a href=\"https:\/\/przedszkole26.edu.wroclaw.pl\/wp-content\/uploads\/sites\/43\/2024\/05\/CUI-cz.-II.pdf\">CUI cz. II<\/a><\/li>\n<li><a href=\"https:\/\/przedszkole26.edu.wroclaw.pl\/wp-content\/uploads\/sites\/43\/2024\/05\/CUI-cz.-III.pdf\">CUI cz. III<\/a><\/li>\n<\/ul>\n<p>[\/vc_column_text][\/vc_tta_section][vc_tta_section title=&#8221;Praca&#8221; tab_id=&#8221;1702728418099-0fe7e0de-3e14&#8243;][vc_column_text]<\/p>\n<h2 style=\"text-align: center\">Praca<\/h2>\n<p>Przedszkole nr 26 &#8222;Sportowa Kraina&#8221; znajduj\u0105ce si\u0119 na Stadionie we Wroc\u0142awiu, zatrudni nauczycieli wychowania przedszkolnego z przygotowaniem pedagogicznym.<\/p>\n<h3>Wymagania:<\/h3>\n<ul>\n<li>\u00a0wychowanie przedszkolne z przygotowaniem pedagogicznym<\/li>\n<li>studia licencjackie, magisterskie lub podyplomowe<\/li>\n<li>du\u017cym atutem b\u0119dzie do\u015bwiadczenie w pracy z dzie\u0107mi<\/li>\n<li>mile widziane dodatkowe umiej\u0119tno\u015bci i kwalifikacje<\/li>\n<\/ul>\n<h3>Oferujemy:<\/h3>\n<ul>\n<li>wynagrodzenie adekwatne do posiadanego wykszta\u0142cenia, do\u015bwiadczenia i zaanga\u017cowania<\/li>\n<li>dodatek motywacyjny<\/li>\n<li>mo\u017cliwo\u015b\u0107 rozwoju zawodowego,<\/li>\n<li>sale s\u0105 wyposa\u017cone w bogat\u0105 sie\u0107 pomocy dydaktycznych oraz interaktywnych<\/li>\n<li>prac\u0119 w mi\u0142ej atmosferze<\/li>\n<\/ul>\n<p>&nbsp;<\/p>\n<p>Wszystkich ch\u0119tnych prosimy o wysy\u0142anie CV na adres e-mail:\u00a0<a href=\"mailto:sekretariat.p026@wroclawskaedukacja.pl\">sekretariat.p026@wroclawskaedukacja.pl<\/a><\/p>\n<p>&nbsp;<\/p>\n<p>Prosimy o dodanie klauzuli: Wyra\u017cam zgod\u0119 na przetwarzanie danych osobowych zawartych w niniejszym dokumencie do realizacji procesu rekrutacji zgodnie z ustaw\u0105 z dnia 10 maja 2018 roku o ochronie danych osobowych (Dz. Ustaw z 2018, poz. 1000) oraz zgodnie z Rozporz\u0105dzeniem Parlamentu Europejskiego i Rady (UE) 2016\/679 z dnia 27 kwietnia 2016 r. w sprawie ochrony os\u00f3b fizycznych w zwi\u0105zku z przetwarzaniem danych osobowych i w sprawie swobodnego przep\u0142ywu takich danych oraz uchylenia dyrektywy 95\/46\/WE (RODO).<\/p>\n<p>[\/vc_column_text][\/vc_tta_section][\/vc_tta_tabs][\/vc_column][\/vc_row]<\/p>\n<\/div>","protected":false},"excerpt":{"rendered":"<p>[vc_row][vc_column width=&#8221;1\/12&#8243;][\/vc_column][vc_column width=&#8221;1\/2&#8243;][vc_column_text]Kszta\u0142tujemy w\u015br\u00f3d dzieci zasady fair-play zar\u00f3wno w \u017cyciu sportowym, jak i codziennym. G\u0142\u00f3wnym pomys\u0142em na funkcjonowanie przedszkola jest efektywne wykorzystywanie\u00a0 pobliskich teren\u00f3w zielonych na kt\u00f3rych ulokowany jest plac [&hellip;]<\/p>\n","protected":false},"author":7,"featured_media":0,"parent":0,"menu_order":0,"comment_status":"closed","ping_status":"closed","template":"","meta":{"footnotes":""},"class_list":["post-414","page","type-page","status-publish","hentry","clearfix"],"_links":{"self":[{"href":"https:\/\/przedszkole26.edu.wroclaw.pl\/index.php\/wp-json\/wp\/v2\/pages\/414","targetHints":{"allow":["GET"]}}],"collection":[{"href":"https:\/\/przedszkole26.edu.wroclaw.pl\/index.php\/wp-json\/wp\/v2\/pages"}],"about":[{"href":"https:\/\/przedszkole26.edu.wroclaw.pl\/index.php\/wp-json\/wp\/v2\/types\/page"}],"author":[{"embeddable":true,"href":"https:\/\/przedszkole26.edu.wroclaw.pl\/index.php\/wp-json\/wp\/v2\/users\/7"}],"replies":[{"embeddable":true,"href":"https:\/\/przedszkole26.edu.wroclaw.pl\/index.php\/wp-json\/wp\/v2\/comments?post=414"}],"version-history":[{"count":26,"href":"https:\/\/przedszkole26.edu.wroclaw.pl\/index.php\/wp-json\/wp\/v2\/pages\/414\/revisions"}],"predecessor-version":[{"id":2114,"href":"https:\/\/przedszkole26.edu.wroclaw.pl\/index.php\/wp-json\/wp\/v2\/pages\/414\/revisions\/2114"}],"wp:attachment":[{"href":"https:\/\/przedszkole26.edu.wroclaw.pl\/index.php\/wp-json\/wp\/v2\/media?parent=414"}],"curies":[{"name":"wp","href":"https:\/\/api.w.org\/{rel}","templated":true}]}}