
{"id":486,"date":"2023-12-19T14:00:26","date_gmt":"2023-12-19T13:00:26","guid":{"rendered":"https:\/\/przedszkole26.edu.wroclaw.pl\/?page_id=486"},"modified":"2025-02-24T21:00:21","modified_gmt":"2025-02-24T20:00:21","slug":"akademia-rodzica","status":"publish","type":"page","link":"https:\/\/przedszkole26.edu.wroclaw.pl\/index.php\/akademia-rodzica\/","title":{"rendered":"Akademia Rodzica"},"content":{"rendered":"<p><strong>Szanowni Pa\u0144stwo!<\/strong><\/p>\n<p>Akademia Rodzica to propozycja dla rodzic\u00f3w i opiekun\u00f3w chc\u0105cych \u015bwiadomie uczestniczy\u0107 w procesie dorastania swojego dziecka. W ramach Akademii nasi nauczyciele stworz\u0105 dla Pa\u0144stwa seri\u0119 artyku\u0142\u00f3w, kt\u00f3re mamy nadziej\u0119, pozwol\u0105 Pa\u0144stwu znale\u017a\u0107 odpowiedzi na nurtuj\u0105ce pytania zwi\u0105zane z wychowaniem i rozwojem Pa\u0144stwa dzieci. Znajdziecie tu r\u00f3wnie\u017c Pa\u0144stwo ciekawe artyku\u0142y wielu znanych praktyk\u00f3w i autorytet\u00f3w z dziedziny pedagogiki i psychologii.<\/p>\n<p>Zapraszamy do lektury!<\/p>\n<ul>\n<li><a href=\"https:\/\/przedszkole26.edu.wroclaw.pl\/wp-content\/uploads\/sites\/43\/2025\/02\/Dobre-uczynki.docx\">Dobre uczynki&#8230;<\/a><\/li>\n<li><a href=\"https:\/\/przedszkole26.edu.wroclaw.pl\/wp-content\/uploads\/sites\/43\/2025\/02\/Przetwarzanie-sluchowe.pdf\">Przetwarzanie s\u0142uchowe<\/a><\/li>\n<li><a href=\"https:\/\/przedszkole26.edu.wroclaw.pl\/wp-content\/uploads\/sites\/43\/2025\/02\/Samodzielnosc.pdf\">Samodzielnos\u0301c\u0301<\/a><\/li>\n<li><a href=\"https:\/\/przedszkole26.edu.wroclaw.pl\/wp-content\/uploads\/sites\/43\/2024\/06\/Wsparcie-dla-Rodzicow2.doc\">Wsparcie dla Rodzic\u00f3w(2)<\/a><\/li>\n<li><a href=\"https:\/\/przedszkole26.edu.wroclaw.pl\/wp-content\/uploads\/sites\/43\/2024\/03\/Program-wsparcia-psychologicznego-dzieci.docx\">Program wsparcia psychologicznego dzieci<\/a><\/li>\n<li><a href=\"https:\/\/przedszkole26.edu.wroclaw.pl\/wp-content\/uploads\/sites\/43\/2023\/12\/Pierwszy-dzwonek.docx\" target=\"_blank\" rel=\"noopener\">Pierwszy dzwonek.docx (13KB)<\/a><\/li>\n<li><a href=\"https:\/\/przedszkole26.edu.wroclaw.pl\/wp-content\/uploads\/sites\/43\/2023\/12\/JAK-WESPRZEC-DZIECKO-KIEDY-NIE-DAJE-RADY.docx\" target=\"_blank\" rel=\"noopener\">Jak wesprze\u0107 dziecko &#8211; kiedy nie daje rady.docx (16KB)<\/a><\/li>\n<li><a href=\"https:\/\/przedszkole26.edu.wroclaw.pl\/wp-content\/uploads\/sites\/43\/2023\/12\/Jak-zbudowac-w-dziecku-poczucie-wlasnej-wartosci.docx\" target=\"_blank\" rel=\"noopener\">Jak zbudowa\u0107 w dziecku poczucie w\u0142asnej warto\u015bci.docx (17KB)<\/a><\/li>\n<li><a href=\"https:\/\/przedszkole26.edu.wroclaw.pl\/wp-content\/uploads\/sites\/43\/2023\/12\/Czas-to-najlepszy-prezent-jaki-mozesz-ofiarowac-dziecku.docx\" target=\"_blank\" rel=\"noopener\">Czas to najlepszy prezent jaki mo\u017cesz ofiarowa\u0107-dziecku.docx (15KB)<\/a><\/li>\n<li><a href=\"https:\/\/przedszkole26.edu.wroclaw.pl\/wp-content\/uploads\/sites\/43\/2023\/12\/O-komunikacji-z-naszymi-dziecmi.pdf\" target=\"_blank\" rel=\"noopener\">O komunikacji z naszymi dziecmi.pdf (201KB)<\/a><\/li>\n<li><a href=\"https:\/\/przedszkole26.edu.wroclaw.pl\/wp-content\/uploads\/sites\/43\/2023\/12\/Po-co-malemu-czlowiekowi-granice.pdf\" target=\"_blank\" rel=\"noopener\">Po co ma\u0142emu czlowiekowi granice.pdf (224KB)<\/a><\/li>\n<li><a href=\"https:\/\/przedszkole26.edu.wroclaw.pl\/wp-content\/uploads\/sites\/43\/2023\/12\/Jak-budowac-pewnosc-siebie-u-dziecka-Kopia.pdf\" target=\"_blank\" rel=\"noopener\">Jak budowa\u0107 pewno\u015b\u0107 siebie u dziecka.pdf (80KB)<\/a><\/li>\n<li><a href=\"https:\/\/przedszkole26.edu.wroclaw.pl\/index.php\/aktualnosci\/\" target=\"_blank\" rel=\"noopener\">Rozw\u00f3j dziecka w okresie przedszkolnym.docx (32KB)<\/a><\/li>\n<li><a href=\"https:\/\/przedszkole26.edu.wroclaw.pl\/wp-content\/uploads\/sites\/43\/2023\/12\/Kodeks-Przedszkolaka.doc\" target=\"_blank\" rel=\"noopener\">Kodeks Przedszkolaka.doc (128KB)<\/a><\/li>\n<li><a href=\"https:\/\/przedszkole26.edu.wroclaw.pl\/wp-content\/uploads\/sites\/43\/2023\/12\/Jak-zdrowo-zywic-przedszkolaka.docx\" target=\"_blank\" rel=\"noopener\">Jak zdrowo \u017cywi\u0107 przedszkolaka.docx (17KB)<\/a><\/li>\n<\/ul>\n","protected":false},"excerpt":{"rendered":"<p>Szanowni Pa\u0144stwo! Akademia Rodzica to propozycja dla rodzic\u00f3w i opiekun\u00f3w chc\u0105cych \u015bwiadomie uczestniczy\u0107 w procesie dorastania swojego dziecka. W ramach Akademii nasi nauczyciele stworz\u0105 dla Pa\u0144stwa seri\u0119 artyku\u0142\u00f3w, kt\u00f3re mamy [&hellip;]<\/p>\n","protected":false},"author":7,"featured_media":0,"parent":0,"menu_order":0,"comment_status":"closed","ping_status":"closed","template":"","meta":{"footnotes":""},"class_list":["post-486","page","type-page","status-publish","hentry","clearfix"],"_links":{"self":[{"href":"https:\/\/przedszkole26.edu.wroclaw.pl\/index.php\/wp-json\/wp\/v2\/pages\/486","targetHints":{"allow":["GET"]}}],"collection":[{"href":"https:\/\/przedszkole26.edu.wroclaw.pl\/index.php\/wp-json\/wp\/v2\/pages"}],"about":[{"href":"https:\/\/przedszkole26.edu.wroclaw.pl\/index.php\/wp-json\/wp\/v2\/types\/page"}],"author":[{"embeddable":true,"href":"https:\/\/przedszkole26.edu.wroclaw.pl\/index.php\/wp-json\/wp\/v2\/users\/7"}],"replies":[{"embeddable":true,"href":"https:\/\/przedszkole26.edu.wroclaw.pl\/index.php\/wp-json\/wp\/v2\/comments?post=486"}],"version-history":[{"count":8,"href":"https:\/\/przedszkole26.edu.wroclaw.pl\/index.php\/wp-json\/wp\/v2\/pages\/486\/revisions"}],"predecessor-version":[{"id":1772,"href":"https:\/\/przedszkole26.edu.wroclaw.pl\/index.php\/wp-json\/wp\/v2\/pages\/486\/revisions\/1772"}],"wp:attachment":[{"href":"https:\/\/przedszkole26.edu.wroclaw.pl\/index.php\/wp-json\/wp\/v2\/media?parent=486"}],"curies":[{"name":"wp","href":"https:\/\/api.w.org\/{rel}","templated":true}]}}