
{"id":635,"date":"2023-12-27T10:31:58","date_gmt":"2023-12-27T09:31:58","guid":{"rendered":"https:\/\/przedszkole26.edu.wroclaw.pl\/?page_id=635"},"modified":"2026-02-10T21:51:18","modified_gmt":"2026-02-10T20:51:18","slug":"grupa-xiv","status":"publish","type":"page","link":"https:\/\/przedszkole26.edu.wroclaw.pl\/index.php\/grupy\/grupa-xiv\/","title":{"rendered":"Grupa XIV \u2013 \u017beglarze"},"content":{"rendered":"<div class=\"wpb-content-wrapper\"><p>[vc_row css=&#8221;.vc_custom_1703670206531{background: #49cad1 url(https:\/\/przedszkola.edu.wroclaw.pl\/wp-content\/uploads\/sites\/30\/2021\/06\/tlo.png?id=) !important;}&#8221;][vc_column][vc_tta_tabs active_section=&#8221;1&#8243;][vc_tta_section title=&#8221;O nas&#8221; tab_id=&#8221;1606484233605-1d21e2ea-ef57&#8243;][vc_column_text css=&#8221;&#8221;]<\/p>\n<h2 style=\"text-align: center\"><span style=\"font-size: 32px\">O nas \u00a0<\/span><\/h2>\n<p>GRUPA XIV \u2013 6 latki \u017bEGLARZE<\/p>\n<p>mgr Marcelina Ja\u015b-Kalak &#8211; nauczyciel<\/p>\n<p>mgr Bo\u017cydara Ku\u017caj &#8211; nauczyciel<\/p>\n<p>Pani Ela &#8211; pracownik obs\u0142ugi[\/vc_column_text][\/vc_tta_section][vc_tta_section title=&#8221;Tematy miesi\u0105ca&#8221; tab_id=&#8221;1642673952835-bb227c80-cae5&#8243;][vc_column_text css=&#8221;&#8221;]<\/p>\n<h2 style=\"text-align: center\"><span style=\"font-size: 32px\">Tematy miesi\u0105ca<\/span><span style=\"color: #c40a0a;font-size: 32px\"><br \/>\n<\/span><\/h2>\n<ol>\n<li>Ba\u015bnie, bajki i bajeczki.<\/li>\n<li>Spotkania z nauk\u0105.<\/li>\n<li>Wszyscy jeste\u015bmy tacy sami.<\/li>\n<li>Nasze inspiracje.<\/li>\n<\/ol>\n<p>[\/vc_column_text][\/vc_tta_section][vc_tta_section title=&#8221;Zaj\u0119cia dodatkowe&#8221; tab_id=&#8221;1616517610712-a70b2645-fd35&#8243;][vc_column_text css=&#8221;&#8221;]<\/p>\n<h2 style=\"text-align: center\"><span style=\"font-size: 32px\">Zaj\u0119cia dodatkowe<\/span><\/h2>\n<p><strong>Poniedzia\u0142ek<\/strong><\/p>\n<p>8:45 &#8211; 9:15 &#8211; j\u0119zyk angielski<\/p>\n<p>14:00 &#8211; 14:30 &#8211; Mali Wspaniali<\/p>\n<p><strong>Wtorek<\/strong><\/p>\n<p>13:30 &#8211; 14:00 &#8211; gimnastyka<\/p>\n<p><strong>\u015aroda<\/strong><\/p>\n<p>12:30 &#8211; 13:00 &#8211; rytmika<\/p>\n<p><strong>Czwartek<\/strong><\/p>\n<p>8:45 &#8211; 9:15 &#8211; j\u0119zyk angielski<\/p>\n<p>11:30 &#8211; 12:00 &#8211; Religia<\/p>\n<p><strong>Pi\u0105tek<\/strong><\/p>\n<p>11:00 &#8211; 11:30 &#8211; gimnastyka[\/vc_column_text][\/vc_tta_section][\/vc_tta_tabs][\/vc_column][\/vc_row]<\/p>\n<\/div>","protected":false},"excerpt":{"rendered":"<p>[vc_row css=&#8221;.vc_custom_1703670206531{background: #49cad1 url(https:\/\/przedszkola.edu.wroclaw.pl\/wp-content\/uploads\/sites\/30\/2021\/06\/tlo.png?id=) !important;}&#8221;][vc_column][vc_tta_tabs active_section=&#8221;1&#8243;][vc_tta_section title=&#8221;O nas&#8221; tab_id=&#8221;1606484233605-1d21e2ea-ef57&#8243;][vc_column_text css=&#8221;&#8221;] O nas \u00a0 GRUPA XIV \u2013 6 latki \u017bEGLARZE mgr Marcelina Ja\u015b-Kalak &#8211; nauczyciel mgr Bo\u017cydara Ku\u017caj &#8211; nauczyciel Pani [&hellip;]<\/p>\n","protected":false},"author":7,"featured_media":0,"parent":50,"menu_order":0,"comment_status":"closed","ping_status":"closed","template":"","meta":{"footnotes":""},"class_list":["post-635","page","type-page","status-publish","hentry","clearfix"],"_links":{"self":[{"href":"https:\/\/przedszkole26.edu.wroclaw.pl\/index.php\/wp-json\/wp\/v2\/pages\/635","targetHints":{"allow":["GET"]}}],"collection":[{"href":"https:\/\/przedszkole26.edu.wroclaw.pl\/index.php\/wp-json\/wp\/v2\/pages"}],"about":[{"href":"https:\/\/przedszkole26.edu.wroclaw.pl\/index.php\/wp-json\/wp\/v2\/types\/page"}],"author":[{"embeddable":true,"href":"https:\/\/przedszkole26.edu.wroclaw.pl\/index.php\/wp-json\/wp\/v2\/users\/7"}],"replies":[{"embeddable":true,"href":"https:\/\/przedszkole26.edu.wroclaw.pl\/index.php\/wp-json\/wp\/v2\/comments?post=635"}],"version-history":[{"count":16,"href":"https:\/\/przedszkole26.edu.wroclaw.pl\/index.php\/wp-json\/wp\/v2\/pages\/635\/revisions"}],"predecessor-version":[{"id":2080,"href":"https:\/\/przedszkole26.edu.wroclaw.pl\/index.php\/wp-json\/wp\/v2\/pages\/635\/revisions\/2080"}],"up":[{"embeddable":true,"href":"https:\/\/przedszkole26.edu.wroclaw.pl\/index.php\/wp-json\/wp\/v2\/pages\/50"}],"wp:attachment":[{"href":"https:\/\/przedszkole26.edu.wroclaw.pl\/index.php\/wp-json\/wp\/v2\/media?parent=635"}],"curies":[{"name":"wp","href":"https:\/\/api.w.org\/{rel}","templated":true}]}}