
{"id":687,"date":"2023-12-27T13:16:59","date_gmt":"2023-12-27T12:16:59","guid":{"rendered":"https:\/\/przedszkole26.edu.wroclaw.pl\/?page_id=687"},"modified":"2024-01-02T10:19:39","modified_gmt":"2024-01-02T09:19:39","slug":"adaptacja","status":"publish","type":"page","link":"https:\/\/przedszkole26.edu.wroclaw.pl\/index.php\/adaptacja\/","title":{"rendered":"Adaptacja"},"content":{"rendered":"<div class=\"wpb-content-wrapper\"><p>[vc_row][vc_column width=&#8221;1\/4&#8243;][vc_empty_space height=&#8221;52px&#8221;][vc_single_image image=&#8221;689&#8243; img_size=&#8221;full&#8221; alignment=&#8221;center&#8221;][\/vc_column][vc_column width=&#8221;3\/4&#8243;][vc_column_text]<\/p>\n<p style=\"text-align: left;\"><strong> Adaptacja w przedszkolu \u2013 czego si\u0119 spodziewa\u0107?<\/strong><\/p>\n<ul>\n<li>maluszki p\u0142acz\u0105, ca\u0142kiem sporo i s\u0105 w ogromnym szoku, bo to nie mama ani tata ociera ich \u0142zy;<\/li>\n<li>histeria przybiera r\u00f3\u017cne oblicza: czasem przechodzi w bunt, czasem w pr\u00f3b\u0119 ucieczki z sali lub b\u0142agania o powr\u00f3t mamy;<\/li>\n<li>r\u00f3wnie\u017c rodzice bywaj\u0105 przera\u017ceni \u2013 nie ka\u017cdy to okazuje, ale cz\u0119sto widzimy, \u017ce rodzice naprawd\u0119 ci\u0119\u017cko znosz\u0105 pierwsze przedszkolne rozstanie z dzieckiem;<\/li>\n<li>strach rodzica przybiera r\u00f3\u017cne oblicza: d\u0142ugie po\u017cegnania, pytania pe\u0142ne podejrze\u0144, podgl\u0105danie przez okno, odpytywanie personelu \u2013 nie wypominam, nie oceniam \u2013 to jest l\u0119k o w\u0142asne dziecko, zrozumia\u0142e, \u017ce potrafi prowokowa\u0107 do niekonwencjonalnych zachowa\u0144;<\/li>\n<li>dzieciaczki \u201cs\u0105 zielone\u201d \u2013 niekoniecznie potrafi\u0105 usi\u0105\u015b\u0107 w kole, nie wiedz\u0105 gdzie maj\u0105 miejsce zabawki i gdzie jest toaleta i z du\u017cym prawdopodobie\u0144stwem nie zapytaj\u0105 o to nowopoznanego doros\u0142ego.<br \/>\nCo wi\u0119c ukazuje si\u0119 naszym oczom \u2013 chaos, ha\u0142as i do\u015b\u0107 nieufni rodzice. Spokojnie! To tylko pierwszych kilka chwil!<\/li>\n<\/ul>\n<p><strong>Co mo\u017ce zrobi\u0107 nauczyciel, a co rodzic?<\/strong><\/p>\n<p><strong>Jak przygotowa\u0107 dziecko do przedszkola?<\/strong><\/p>\n<p><strong>Adaptacja w przedszkolu z perspektywy rodzica<\/strong><\/p>\n<p>Najwa\u017cniejsze jest zrozumienie i poczucie bezpiecze\u0144stwa dziecka. Wyobra\u017a sobie co czuje dziecko, kt\u00f3re nagle, z dnia na dzie\u0144 zostaje przekazane do r\u0105k obcych os\u00f3b. Mama lub tata, maj\u0105 w\u0142a\u015bnie jakie\u015b wyj\u0105tkowo wa\u017cne powody, \u017ceby je zostawi\u0107. Wcze\u015bniej tak nie by\u0142o! A mo\u017ce wcze\u015bniej by\u0142 \u017c\u0142obek, kt\u00f3ry dziecko ju\u017c zna\u0142o? Nowe miejsce! Nowi ludzie! Nowe zasady! Brak rodzic\u00f3w! Brak orientacji w czasie! (Co to znaczy, \u017ce tata b\u0119dzie po mnie po 12?). Fala emocji jaka zalewa dziecko bez w\u0105tpienia si\u0119ga rozmiar\u00f3w tsunami.[\/vc_column_text][\/vc_column][\/vc_row][vc_row][vc_column width=&#8221;1\/4&#8243;][vc_empty_space height=&#8221;52px&#8221;][vc_single_image image=&#8221;688&#8243; img_size=&#8221;full&#8221; alignment=&#8221;center&#8221;][\/vc_column][vc_column width=&#8221;3\/4&#8243;][vc_column_text]<strong>Jak przygotowa\u0107 dziecko do przedszkola?<\/strong><\/p>\n<ul>\n<li>przygotuj dziecko: m\u00f3w o przedszkolu, odwiedzaj je, poka\u017c plac zabaw, we\u017a udzia\u0142 w zaj\u0119ciach adaptacyjnych, poznaj koleg\u00f3w, kt\u00f3rzy te\u017c id\u0105 do tej samej grupy, je\u015bli to mo\u017cliwe;<\/li>\n<li>m\u00f3w j\u0119zykiem pozytyw\u00f3w: \u017cycz dziecku dobrej zabawy w przedszkolu, mi\u0142ego dnia, zach\u0119\u0107 do zbudowania wielkiej wie\u017cy z klock\u00f3w. Unikaj komunikat\u00f3w, kt\u00f3re buduj\u0105 strach albo przekonanie, \u017ce przedszkole to nieprzyjemne, gro\u017ane miejsce: \u201cNie b\u00f3j si\u0119\u201d, \u201cPrzykro mi, ale musz\u0119 i\u015b\u0107\u201d, \u201cDasz sobie rad\u0119\u201d, unikaj smutnego, roz\u017calonego tonu \u2013 staraj si\u0119 przenie\u015b\u0107 na dziecko entuzjazm, pozytywne emocje, rado\u015b\u0107<\/li>\n<li>daj czas: na rozmow\u0119 przed przedszkolem, na uspokojenie si\u0119 w domu, na wybranie zabawki do przedszkola, spokojne ubranie si\u0119, na zapomnienie czego\u015b z domu i powr\u00f3t po to, jednak staraj si\u0119 przed samym wej\u015bcie do sali za\u0142atwi\u0107 sprawy w miar\u0119 szybko: po\u017cegnaj si\u0119 z dzieckiem, przeka\u017c je nauczycielowi, id\u017a \u2013 nie obawiaj si\u0119, wszystko b\u0119dzie dobrze<\/li>\n<li>stopniuj czas pobytu dziecka w przedszkolu \u2013 na pocz\u0105tku niech dziecko sp\u0119dza w przedszkolu tylko kilka godzin, z czasem \u2013 mo\u017cesz to zmieni\u0107, je\u015bli dziecko b\u0119dzie si\u0119 czu\u0142o komfortowo<\/li>\n<li>dotrzymuj um\u00f3w, nie oszukuj: nie uciekaj, gdy co\u015b odwr\u00f3ci uwag\u0119 dziecka, nie oszukuj \u201cP\u00f3jd\u0119 do samochodu i zaraz wracam\u201d \u2013 dziecko Ci ufa, dzi\u0119ki temu, czuje si\u0119 bezpiecznie \u2013 niech tak zostanie<\/li>\n<li>buduj rutyn\u0119 porann\u0105: dzi\u0119ki temu unikniecie wielu stres\u00f3w, dziecko b\u0119dzie wiedzia\u0142o co zaraz nast\u0105pi i b\u0119dzie na to lepiej emocjonalnie przygotowane, mo\u017cecie np. \u017cegna\u0107 si\u0119 zawsze w ten sam spos\u00f3b \u201cBuziak, przytulas i czas na zabaw\u0119!\u201d<\/li>\n<li>daj dziecku \u201ckawa\u0142ek domu\u201d \u2013 dzi\u0119ki ulubionej zabawce dziecko poczuje si\u0119 lepiej<\/li>\n<li>zaufaj nauczycielowi lub podziel si\u0119 z nim mi\u0142ym komentarzem. Daj zna\u0107, \u017ce rozumiesz jak trudny to dla niego czas.<\/li>\n<\/ul>\n<p>[\/vc_column_text][\/vc_column][\/vc_row]<\/p>\n<\/div>","protected":false},"excerpt":{"rendered":"<p>[vc_row][vc_column width=&#8221;1\/4&#8243;][vc_empty_space height=&#8221;52px&#8221;][vc_single_image image=&#8221;689&#8243; img_size=&#8221;full&#8221; alignment=&#8221;center&#8221;][\/vc_column][vc_column width=&#8221;3\/4&#8243;][vc_column_text] Adaptacja w przedszkolu \u2013 czego si\u0119 spodziewa\u0107? maluszki p\u0142acz\u0105, ca\u0142kiem sporo i s\u0105 w ogromnym szoku, bo to nie mama ani tata ociera [&hellip;]<\/p>\n","protected":false},"author":7,"featured_media":0,"parent":0,"menu_order":0,"comment_status":"closed","ping_status":"closed","template":"","meta":{"footnotes":""},"class_list":["post-687","page","type-page","status-publish","hentry","clearfix"],"_links":{"self":[{"href":"https:\/\/przedszkole26.edu.wroclaw.pl\/index.php\/wp-json\/wp\/v2\/pages\/687","targetHints":{"allow":["GET"]}}],"collection":[{"href":"https:\/\/przedszkole26.edu.wroclaw.pl\/index.php\/wp-json\/wp\/v2\/pages"}],"about":[{"href":"https:\/\/przedszkole26.edu.wroclaw.pl\/index.php\/wp-json\/wp\/v2\/types\/page"}],"author":[{"embeddable":true,"href":"https:\/\/przedszkole26.edu.wroclaw.pl\/index.php\/wp-json\/wp\/v2\/users\/7"}],"replies":[{"embeddable":true,"href":"https:\/\/przedszkole26.edu.wroclaw.pl\/index.php\/wp-json\/wp\/v2\/comments?post=687"}],"version-history":[{"count":16,"href":"https:\/\/przedszkole26.edu.wroclaw.pl\/index.php\/wp-json\/wp\/v2\/pages\/687\/revisions"}],"predecessor-version":[{"id":706,"href":"https:\/\/przedszkole26.edu.wroclaw.pl\/index.php\/wp-json\/wp\/v2\/pages\/687\/revisions\/706"}],"wp:attachment":[{"href":"https:\/\/przedszkole26.edu.wroclaw.pl\/index.php\/wp-json\/wp\/v2\/media?parent=687"}],"curies":[{"name":"wp","href":"https:\/\/api.w.org\/{rel}","templated":true}]}}